{"id":18181,"date":"2025-06-20T09:13:25","date_gmt":"2025-06-20T06:13:25","guid":{"rendered":"https:\/\/europorssi.com\/wp-content\/uploads\/2025\/06\/Sandvikin-uuden-tuotantolinjan-avajaiset_kuva-2_2025.jpg"},"modified":"2025-07-18T17:32:19","modified_gmt":"2025-07-18T14:32:19","slug":"sandvikin-uuden-tuotantolinjan-avajaiset_kuva-2_2025","status":"inherit","type":"attachment","link":"https:\/\/europorssi.com\/fi\/sandvikin-uuden-tuotantolinjan-avajaiset_kuva-2_2025\/","title":{"rendered":""},"author":4,"featured_media":0,"comment_status":"open","ping_status":"closed","template":"","meta":{"_acf_changed":false},"class_list":["post-18181","attachment","type-attachment","status-inherit","hentry"],"acf":[],"aioseo_notices":[],"description":{"rendered":"<p class=\"attachment\"><a href='https:\/\/europorssi.com\/wp-content\/uploads\/2025\/06\/Sandvikin-uuden-tuotantolinjan-avajaiset_kuva-2_2025.jpg'><img loading=\"lazy\" decoding=\"async\" width=\"300\" height=\"186\" src=\"https:\/\/europorssi.com\/wp-content\/uploads\/2025\/06\/Sandvikin-uuden-tuotantolinjan-avajaiset_kuva-2_2025-300x186.jpg\" class=\"attachment-medium size-medium\" alt=\"Sandvik investoi, lis\u00e4\u00e4 ty\u00f6ntekij\u00f6it\u00e4 ja vahvistaa maanp\u00e4\u00e4llisen porauksen liiketoimintaansa Tampereella.\" srcset=\"https:\/\/europorssi.com\/wp-content\/uploads\/2025\/06\/Sandvikin-uuden-tuotantolinjan-avajaiset_kuva-2_2025-300x186.jpg 300w, https:\/\/europorssi.com\/wp-content\/uploads\/2025\/06\/Sandvikin-uuden-tuotantolinjan-avajaiset_kuva-2_2025-1024x634.jpg 1024w, https:\/\/europorssi.com\/wp-content\/uploads\/2025\/06\/Sandvikin-uuden-tuotantolinjan-avajaiset_kuva-2_2025-768x476.jpg 768w, https:\/\/europorssi.com\/wp-content\/uploads\/2025\/06\/Sandvikin-uuden-tuotantolinjan-avajaiset_kuva-2_2025-560x347.jpg 560w, https:\/\/europorssi.com\/wp-content\/uploads\/2025\/06\/Sandvikin-uuden-tuotantolinjan-avajaiset_kuva-2_2025-178x110.jpg 178w, https:\/\/europorssi.com\/wp-content\/uploads\/2025\/06\/Sandvikin-uuden-tuotantolinjan-avajaiset_kuva-2_2025.jpg 1140w\" sizes=\"auto, (max-width: 300px) 100vw, 300px\" \/><\/a><\/p>\n"},"caption":{"rendered":"<p>Sandvik Mining -liiketoiminta-alueen johtaja Mats Eriksson leikkasi nauhan yhdess\u00e4 ty\u00f6ntekij\u00f6iden kanssa uuden tuotantolinjan avajaistilaisuudessa.<\/p>\n"},"alt_text":"Sandvik investoi, lis\u00e4\u00e4 ty\u00f6ntekij\u00f6it\u00e4 ja vahvistaa maanp\u00e4\u00e4llisen porauksen liiketoimintaansa Tampereella.","media_type":"image","mime_type":"image\/jpeg","media_details":{"width":1140,"height":706,"file":"2025\/06\/Sandvikin-uuden-tuotantolinjan-avajaiset_kuva-2_2025.jpg","filesize":156961,"sizes":{"medium":{"file":"Sandvikin-uuden-tuotantolinjan-avajaiset_kuva-2_2025-300x186.jpg","width":300,"height":186,"filesize":18483,"mime_type":"image\/jpeg","source_url":"https:\/\/europorssi.com\/wp-content\/uploads\/2025\/06\/Sandvikin-uuden-tuotantolinjan-avajaiset_kuva-2_2025-300x186.jpg"},"large":{"file":"Sandvikin-uuden-tuotantolinjan-avajaiset_kuva-2_2025-1024x634.jpg","width":1024,"height":634,"filesize":120874,"mime_type":"image\/jpeg","source_url":"https:\/\/europorssi.com\/wp-content\/uploads\/2025\/06\/Sandvikin-uuden-tuotantolinjan-avajaiset_kuva-2_2025-1024x634.jpg"},"thumbnail":{"file":"Sandvikin-uuden-tuotantolinjan-avajaiset_kuva-2_2025-150x150.jpg","width":150,"height":150,"filesize":9376,"mime_type":"image\/jpeg","source_url":"https:\/\/europorssi.com\/wp-content\/uploads\/2025\/06\/Sandvikin-uuden-tuotantolinjan-avajaiset_kuva-2_2025-150x150.jpg"},"medium_large":{"file":"Sandvikin-uuden-tuotantolinjan-avajaiset_kuva-2_2025-768x476.jpg","width":768,"height":476,"filesize":77472,"mime_type":"image\/jpeg","source_url":"https:\/\/europorssi.com\/wp-content\/uploads\/2025\/06\/Sandvikin-uuden-tuotantolinjan-avajaiset_kuva-2_2025-768x476.jpg"},"mailchimp":{"file":"Sandvikin-uuden-tuotantolinjan-avajaiset_kuva-2_2025-560x347.jpg","width":560,"height":347,"filesize":47219,"mime_type":"image\/jpeg","source_url":"https:\/\/europorssi.com\/wp-content\/uploads\/2025\/06\/Sandvikin-uuden-tuotantolinjan-avajaiset_kuva-2_2025-560x347.jpg"},"img-square":{"file":"Sandvikin-uuden-tuotantolinjan-avajaiset_kuva-2_2025-500x500.jpg","width":500,"height":500,"filesize":55564,"mime_type":"image\/jpeg","source_url":"https:\/\/europorssi.com\/wp-content\/uploads\/2025\/06\/Sandvikin-uuden-tuotantolinjan-avajaiset_kuva-2_2025-500x500.jpg"},"img-article-xl":{"file":"Sandvikin-uuden-tuotantolinjan-avajaiset_kuva-2_2025-800x533.jpg","width":800,"height":533,"filesize":86555,"mime_type":"image\/jpeg","source_url":"https:\/\/europorssi.com\/wp-content\/uploads\/2025\/06\/Sandvikin-uuden-tuotantolinjan-avajaiset_kuva-2_2025-800x533.jpg"},"img-article-lg":{"file":"Sandvikin-uuden-tuotantolinjan-avajaiset_kuva-2_2025-550x400.jpg","width":550,"height":400,"filesize":50980,"mime_type":"image\/jpeg","source_url":"https:\/\/europorssi.com\/wp-content\/uploads\/2025\/06\/Sandvikin-uuden-tuotantolinjan-avajaiset_kuva-2_2025-550x400.jpg"},"img-article-sm":{"file":"Sandvikin-uuden-tuotantolinjan-avajaiset_kuva-2_2025-360x238.jpg","width":360,"height":238,"filesize":24925,"mime_type":"image\/jpeg","source_url":"https:\/\/europorssi.com\/wp-content\/uploads\/2025\/06\/Sandvikin-uuden-tuotantolinjan-avajaiset_kuva-2_2025-360x238.jpg"},"campaign-bg-md":{"file":"Sandvikin-uuden-tuotantolinjan-avajaiset_kuva-2_2025-992x610.jpg","width":992,"height":610,"filesize":114545,"mime_type":"image\/jpeg","source_url":"https:\/\/europorssi.com\/wp-content\/uploads\/2025\/06\/Sandvikin-uuden-tuotantolinjan-avajaiset_kuva-2_2025-992x610.jpg"},"campaign-bg-xs":{"file":"Sandvikin-uuden-tuotantolinjan-avajaiset_kuva-2_2025-768x570.jpg","width":768,"height":570,"filesize":87281,"mime_type":"image\/jpeg","source_url":"https:\/\/europorssi.com\/wp-content\/uploads\/2025\/06\/Sandvikin-uuden-tuotantolinjan-avajaiset_kuva-2_2025-768x570.jpg"},"campaign-logo":{"file":"Sandvikin-uuden-tuotantolinjan-avajaiset_kuva-2_2025-178x110.jpg","width":178,"height":110,"filesize":8933,"mime_type":"image\/jpeg","source_url":"https:\/\/europorssi.com\/wp-content\/uploads\/2025\/06\/Sandvikin-uuden-tuotantolinjan-avajaiset_kuva-2_2025-178x110.jpg"},"full":{"file":"Sandvikin-uuden-tuotantolinjan-avajaiset_kuva-2_2025.jpg","width":1140,"height":706,"mime_type":"image\/jpeg","source_url":"https:\/\/europorssi.com\/wp-content\/uploads\/2025\/06\/Sandvikin-uuden-tuotantolinjan-avajaiset_kuva-2_2025.jpg"}},"image_meta":{"aperture":"0","credit":"","camera":"","caption":"","created_timestamp":"0","copyright":"Hannu Piirainen","focal_length":"0","iso":"0","shutter_speed":"0","title":"","orientation":"0","keywords":[]}},"post":null,"source_url":"https:\/\/europorssi.com\/wp-content\/uploads\/2025\/06\/Sandvikin-uuden-tuotantolinjan-avajaiset_kuva-2_2025.jpg","_links":{"self":[{"href":"https:\/\/europorssi.com\/fi\/wp-json\/wp\/v2\/media\/18181","targetHints":{"allow":["GET"]}}],"collection":[{"href":"https:\/\/europorssi.com\/fi\/wp-json\/wp\/v2\/media"}],"about":[{"href":"https:\/\/europorssi.com\/fi\/wp-json\/wp\/v2\/types\/attachment"}],"author":[{"embeddable":true,"href":"https:\/\/europorssi.com\/fi\/wp-json\/wp\/v2\/users\/4"}],"replies":[{"embeddable":true,"href":"https:\/\/europorssi.com\/fi\/wp-json\/wp\/v2\/comments?post=18181"}]}}

<p class="attachment"><a href='https://europorssi.com/wp-content/uploads/2025/06/Sandvikin-uuden-tuotantolinjan-avajaiset_kuva-2_2025.jpg'><img loading="lazy" decoding="async" width="300" height="186" src="https://europorssi.com/wp-content/uploads/2025/06/Sandvikin-uuden-tuotantolinjan-avajaiset_kuva-2_2025-300x186.jpg" class="attachment-medium size-medium" alt="Sandvik investoi, lisää työntekijöitä ja vahvistaa maanpäällisen porauksen liiketoimintaansa Tampereella." srcset="https://europorssi.com/wp-content/uploads/2025/06/Sandvikin-uuden-tuotantolinjan-avajaiset_kuva-2_2025-300x186.jpg 300w, https://europorssi.com/wp-content/uploads/2025/06/Sandvikin-uuden-tuotantolinjan-avajaiset_kuva-2_2025-1024x634.jpg 1024w, https://europorssi.com/wp-content/uploads/2025/06/Sandvikin-uuden-tuotantolinjan-avajaiset_kuva-2_2025-768x476.jpg 768w, https://europorssi.com/wp-content/uploads/2025/06/Sandvikin-uuden-tuotantolinjan-avajaiset_kuva-2_2025-560x347.jpg 560w, https://europorssi.com/wp-content/uploads/2025/06/Sandvikin-uuden-tuotantolinjan-avajaiset_kuva-2_2025-178x110.jpg 178w, https://europorssi.com/wp-content/uploads/2025/06/Sandvikin-uuden-tuotantolinjan-avajaiset_kuva-2_2025.jpg 1140w" sizes="auto, (max-width: 300px) 100vw, 300px" /></a></p>

<p>Sandvik Mining -liiketoiminta-alueen johtaja Mats Eriksson leikkasi nauhan yhdessä työntekijöiden kanssa uuden tuotantolinjan avajaistilaisuudessa.</p>

Sandvik investoi, lisää työntekijöitä ja vahvistaa maanpäällisen porauksen liiketoimintaansa Tampereella.
